37 prime?
True
Is 7727869 prime?
True
Is 3250421 prime?
True
Is 110550877 composite?
False
Is 68063 a prime number?
False
Is 220771721 composite?
False
Is 9312179 a prime number?
True
Is 173850797 composite?
True
Is 19508681 a composite number?
False
Is 918660902 a prime number?
False
Is 1454191 a prime number?
True
Is 2325757 a prime number?
False
Is 161807 a composite number?
False
Is 13359187 prime?
True
Is 334011877 a composite number?
False
Is 4446241 composite?
False
Is 13533733 prime?
False
Is 6376813 composite?
False
Is 652618 a composite number?
True
Is 6822314 composite?
True
Is 367312661 prime?
False
Is 1783163 composite?
False
Is 45326423 a prime number?
True
Is 48327739 a prime number?
True
Is 138266521 a composite number?
True
Is 54028439 a composite number?
False
Is 231603655 prime?
False
Is 244793 a prime number?
False
Is 282813299 composite?
False
Is 11442811 a composite number?
True
Is 168326497 a composite number?
True
Is 3851957 composite?
True
Is 1942657 a prime number?
True
Is 12692597 composite?
False
Is 8762297 prime?
False
Is 5644487 a prime number?
True
Is 191874551 composite?
True
Is 58881227 prime?
True
Is 229576931 composite?
False
Is 81308081 a composite number?
False
Is 63377891 a prime number?
True
Is 1799753 a prime number?
True
Is 1497701 a composite number?
False
Is 318643701 a composite number?
True
Is 12508663 prime?
True
Is 9362281 prime?
False
Is 1687649 composite?
True
Is 37773331 composite?
False
Is 138831397 prime?
True
Is 17197363 composite?
False
Is 2003035 composite?
True
Is 613337 a composite number?
False
Is 10928803 prime?
True
Is 2317907 a composite number?
False
Is 1854299 composite?
False
Is 5963411 a composite number?
False
Is 74645621 prime?
False
Is 317113 composite?
True
Is 62333719 composite?
True
Is 12813217 prime?
True
Is 91238191 a prime number?
False
Is 20795209 prime?
True
Is 59991839 a prime number?
True
Is 38854339 prime?
True
Is 54986663 a prime number?
False
Is 4491811 a composite number?
False
Is 134057471 composite?
False
Is 621259 prime?
True
Is 7101797 a composite number?
False
Is 87301623 a composite number?
True
Is 64734193 a composite number?
False
Is 4053983 a composite number?
False
Is 7457863 a composite number?
True
Is 756271 a composite number?
False
Is 3399509 a composite number?
False
Is 4147511 a composite number?
False
Is 35301031 prime?
False
Is 32270687 prime?
True
Is 2475119 prime?
False
Is 5504111 prime?
True
Is 451481 composite?
False
Is 210827 prime?
True
Is 277040363 composite?
False
Is 4903733 a prime number?
True
Is 48366949 a prime number?
True
Is 1029731 a composite number?
False
Is 4009913 a prime number?
True
Is 48427195 prime?
False
Is 121631657 a prime number?
False
Is 845599 a composite number?
False
Is 41118263 a composite number?
False
Is 3533623 a prime number?
False
Is 23003569 a composite number?
True
Is 29605489 prime?
True
Is 219222539 prime?
True
Is 103721201 composite?
True
Is 251387839 composite?
False
Is 3852113 a prime number?
False
Is 59443279 a composite number?
True
Is 15116441 prime?
True
Is 9622023 a prime number?
False
Is 57991957 composite?
True
Is 14100481 prime?
True
Is 9415283 composite?
True
Is 6903863 prime?
False
Is 16886047 a prime number?
False
Is 13490471 composite?
False
Is 203562041 a composite number?
True
Is 1884677 composite?
False
Is 206642159 a prime number?
True
Is 1434371 composite?
True
Is 1059923 composite?
False
Is 27600451 prime?
True
Is 427579 a composite number?
False
Is 18141983 a composite number?
False
Is 25877378 composite?
True
Is 13014821 a composite number?
False
Is 1773109 prime?
False
Is 54891829 prime?
False
Is 95513059 a composite number?
False
Is 5224073 prime?
True
Is 3320969 prime?
True
Is 27495101 a prime number?
True
Is 312755671 prime?
False
Is 26958391 a composite number?
False
Is 2864909 prime?
True
Is 14955263 a composite number?
True
Is 1812481 a prime number?
False
Is 16816931 prime?
True
Is 10353149 composite?
True
Is 1429507 prime?
True
Is 7443997 a prime number?
False
Is 8396849 prime?
True
Is 826603 a composite number?
False
Is 1112323 composite?
False
Is 6099859 a composite number?
False
Is 12256417 a composite number?
True
Is 2267117 prime?
True
Is 30232303 composite?
False
Is 2426717 prime?
True
Is 90290599 composite?
True
Is 2118581 prime?
True
Is 25795873 a composite number?
False
Is 8831231 prime?
False
Is 69860957 a prime number?
True
Is 141903701 prime?
True
Is 75773519 composite?
False
Is 16586671 a prime number?
True
Is 1001239 a composite number?
True
Is 6034601 prime?
True
Is 64315991 composite?
False
Is 2637841 a prime number?
False
Is 564030839 a composite number?
False
Is 31128731 a composite number?
False
Is 4553189 a prime number?
False
Is 3542239 a composite number?
True
Is 33148043 a composite number?
False
Is 43205291 prime?
False
Is 18944447 a prime number?
True
Is 23722777 prime?
False
Is 16858897 composite?
True
Is 4706749 a prime number?
True
Is 18346217 composite?
False
Is 587411 a composite number?
True
Is 43036393 a prime number?
True
Is 16349251 a composite number?
True
Is 15564761 a composite number?
True
Is 1571113 a composite number?
False
Is 370103023 prime?
False
Is 3537337 prime?
True
Is 44320583 composite?
False
Is 14080277 a prime number?
True
Is 33485681 composite?
True
Is 16094219 a prime number?
True
Is 869351 prime?
False
Is 43408373 a prime number?
False
Is 212886301 a composite number?
True
Is 51471449 composite?
True
Is 287751797 a composite number?
False
Is 7101593 a composite number?
False
Is 3433849 a composite number?
False
Is 5656523 prime?
False
Is 8463869 a prime number?
True
Is 1649113 a composite number?
True
Is 776114 prime?
False
Is 7518427 a composite number?
True
Is 18228937 a composite number?
False
Is 38158349 prime?
True
Is 14147947 prime?
False
Is 86996543 prime?
True
Is 20247299 composite?
True
Is 504433 a prime number?
False
Is 412900081 composite?
True
Is 832583 prime?
True
Is 46227887 prime?
False
Is 11683247 a prime number?
False
Is 1234703 a prime number?
True
Is 7055407 a composite number?
False
Is 2706433 a prime number?
False
Is 14516423 prime?
False
Is 15805103 composite?
False
Is 463127 prime?
False
Is 2615027 a composite number?
True
Is 6156583 composite?
False
Is 2567347 composite?
False
Is 138821489 a composite number?
True
Is 199518317 a prime number?
True
Is 1899949 composite?
False
Is 16813267 a prime number?
False
Is 74843 composite?
False
Is 707902769 a prime number?
False
Is 30688267 a composite number?
False
Is 9350699 prime?
True
Is 4836053 a prime number?
False
Is 413877947 a prime number?
False
Is 3276038 prime?
False
Is 2057177 a prime number?
True
Is 1337551 prime?
True
Is 4072207 composite?
False
Is 3015889 prime?
False
Is 12008847 a prime number?
False
Is 595873 a prime number?
True
Is 3585497 a prime number?
True
Is 5110021 a prime number?
False
Is 536124769 a composite number?
True
Is 302317 composite?
False
Is 5490934 composite?
True
Is 10620899 composite?
True
Is 96883631 composite?
True
Is 3789637 composite?
True
Is 694559 a prime number?
True
Is 26974621 prime?
False
Is 28223673 a composite number?
True
Is 128374 a composite number?
True
Is 114672409 a composite number?
True
Is 10033363 a prime number?
False
Is 34403777 a composite number?
False
Is 10619501 composite?
False
Is 11011037 a prime number?
False
Is 3009579 a prime number?
False
Is 9226421 a composite number?
False
Is 15855793 composite?
True
Is 11371573 a composite number?
True
Is 3255691 prime?
True
Is 31780403 prime?
False
Is 16787909 prime?
False
Is 1532747 a composite number?
True
Is 5442817 a prime number?
True
Is 154607 composite?
True
Is 8980649 prime?
False
Is 5697827 composite?
True
Is 10362509 a composite number?
True
Is 72580897 a prime number?
True
Is 23509919 a composite number?
False
Is 6443453 composite?
True
Is 2172106769 composite?
True
Is 29453387 prime?
True
Is 25895609 a prime number?
False
Is 26181431 a composite number?
True
Is 15882533 a composite number?
False
Is 52237709 composite?
False
Is 4428638 a prime number?
False
Is 86057 a composite number?
True
Is 2397587 prime?
True
Is 2377847 a prime number?
True
Is 30660881 a composite number?
False
Is 46031831 prime?
True
Is 76319843 a prime number?
T